v - 66. Let p = 37 - 39. Determine f(p).
-12
Suppose -14 = -7*z + 21. Suppose 0 = z*b + 40 - 65. Let i(j) = -j**3 + 5*j**2 + 2*j - 11. Calculate i(b).
-1
Let p(x) = -206*x**3 + 19*x**2 + 2*x + 290*x**3 - 85*x**3 - 45. What is p(19)?
-7
Let q(j) = 4*j - 131. Let d(g) = 4*g - 117. Let b(n) = 5*d(n) - 4*q(n). Give b(19).
15
Let g(m) = m**2 - 5*m - 1. Let q = -24783 + 24786. Determine g(q).
-7
Let n(t) = 5*t - 20. Suppose -7 = -4*s + 3*g, 264*s - 3*g = 265*s - 13. Calculate n(s).
0
Let u be (-5 - (-15)/5)/(4/(64/(-2))). Let w(l) = -2*l + 47. Determine w(u).
15
Let p(v) = v - 9. Let g(d) = -d**2 - 26. Let n be g(0). Suppose 26 = -0*i + i. Let h = n + i. Calculate p(h).
-9
Suppose 4*n + 3*c = -196 + 2300, 5*n = -2*c + 2623. Suppose -3*g - l + 92 + n = 0, -4*g = 4*l - 812. Let z(p) = -3 - 102*p - 103*p + g*p. What is z(8)?
5
Suppose 5*h = -5*q, -797*q - h = -794*q - 10. Let y(p) = -2*p**2 + 4*p - 9. Determine y(q).
-39
Suppose c - 2*t + 7*t = -34, -4*c - 3*t - 170 = 0. Let d = c + 64. Let r(z) = -47*z + d*z + 16*z. Determine r(1).
-11
Let y be 1/(54/12) + (-260)/36. Let n be (-65)/(-25) + y/(-5). Let w(u) = -u**2 + 5*u - 5. Determine w(n).
-1
Let o(n) be the second derivative of 2*n**3/3 - 3*n. Suppose 4*z + a = -18, 28*z + a - 2 = 29*z. What is o(z)?
-16
Let a(n) = n**3 + 2*n**2 + n - 7. Let u = 4451 - 4451. Give a(u).
-7
Let m(b) = 2*b + 1. Let w(l) = -9*l**2 + l - 1. Let t(g) = 5*g**2. Let a(v) = -7*t(v) - 4*w(v). Let h be a(4). Suppose -9*f + h = -8*f. Calculate m(f).
9
Let c(v) be the second derivative of -v**4/12 - v**3 + 3*v**2/2 - 1957*v - 16. Let x(r) = r**2 + 7*r + 5. Let t = 7 + -11. Let l be x(t). Determine c(l).
-4
Let v(d) = -9*d**2 - 5*d + 6. Let u(t) = -t. Let j(q) = -4*q - 1. Let o(p) = -j(p) + 5*u(p). Let m(b) = 5*o(b) - v(b). Give m(1).
8
Let b(z) = -13*z - 7. Let g be b(-1). Let j be 1 + (-6 + -6)/g. Let i(c) = -10*c**3 - 2*c**2 - 2*c - 1. Calculate i(j).
9
Let w(m) = 2*m**2 - 12*m + 3. Let i be w(7). Let l(q) = -4*q + 5 + q**2 - 5*q + i*q. Let r be (7 - 4)*-1 - 3. Give l(r).
-7
Let j(f) = -7*f**2 - f**2 + 11*f**3 - 21*f**3 - 18*f**3 - 11*f**2 + 20*f**2 - 1. Suppose 5 = -5*u - 0*u. Calculate j(u).
28
Let h(w) = -w**2 + w + 1. Suppose 5*y - 4*j - 242 = 0, 5*y + 0*j - 245 = 5*j. Suppose 0 = -3*m - y - 62. Let i be ((-48)/m)/(2/(-6)). Determine h(i).
-19
Let w(m) = 7*m + 2. Suppose 17*g = 3*g. Suppose -4*s + 1 - 5 = g. Determine w(s).
-5
Let k(d) = -3644 + 6*d - 3536 + 2*d**2 + 7161. Determine k(-5).
1
Let f(m) = m - 21. Let r(b) = -b + 9. Let u(y) = y - 10. Let k(l) = -4*r(l) - 6*u(l). Let p(h) = 6*f(h) + 5*k(h). Calculate p(-5).
14
Let z be -3*2*(-3)/18. Let i be 34/(-119) + (-11)/(-14)*8. Let x(m) = 7*m**2 + 8*m + 5. Let q(o) = o + 1. Let h(y) = i*q(y) - x(y). Determine h(z).
-8
Let t be 66/17 - (-28)/238. Let n(y) = -2*y**2 - y - 2. Let q = -38 - -36. Let o(d) = -d**2 - 2*d - 3. Let f(v) = q*n(v) + 3*o(v). Give f(t).
-5
Let v(j) = 197*j + 4523. Let f be v(-23). Let u(q) = q**2 + 2*q - 4. Let t(b) = -b**2 - b + 3. Let y(d) = -4*t(d) - 5*u(d). Determine y(f).
-8
Let a(q) = 293*q + 436*q**3 + 42*q**2 - 435*q**3 + 126 - 210*q. Determine a(-40).
6
Let a = 76 - 44. Suppose -4*s - u = -5*u + a, 0 = 3*s - 2*u + 19. Let r(v) = 108*v - 5. Let z(j) = 86*j - 4. Let i(h) = 4*r(h) - 5*z(h). What is i(s)?
-6
Let j(z) be the first derivative of 3*z**2/2 + 7*z + 1270. Determine j(13).
46
Let g(m) be the third derivative of m**5/60 - m**4/4 + 7*m**3/6 - 8*m**2. Let n be g(5). Let j(t) = -t - t**n - 3*t**3 - 1 - 4*t**3 + 2*t**3. Calculate j(-1).
4
Let v(s) = -s**2 - 16*s - 21. Let i(x) = x**2 + 22*x + 24. Let o(z) = -5*i(z) - 6*v(z). Calculate o(15).
21
Let k(l) = -2*l + 1 - 16*l**2 + 2 + 6*l. Let f be -27 + 15 - (-11 - -4). Let c(p) = -24*p**2 + 6*p + 5. Let g(w) = f*c(w) + 8*k(w). What is g(1)?
-7
Let y(b) = -14*b + 499 + b**3 - 15 - 458. Determine y(4).
34
Let w(x) = -4*x + 38. Let p = -2809 - -2820. Give w(p).
-6
Let o(g) = 28*g - 198. Let r be o(7). Let v(h) = 3*h - 1. Let z(j) = -6*j + 3. Let y(d) = -9*v(d) - 4*z(d). Calculate y(r).
3
Let d(z) = -z**2 - 21*z - 37. Let f = 2213 - 2232. Give d(f).
1
Suppose 2*m - 84*h + 88*h = 18, 0 = -5*h + 15. Let a(z) be the second derivative of 0*z**2 + 0 + 1/6*z**m + 1/4*z**4 - 18*z. Calculate a(-1).
2
Let a(g) = -22*g - 2. Let c(t) = -t**3 - 36*t**2 - 31*t + 142. Let z be c(-35). Calculate a(z).
-46
Let d(q) = -4*q**2 + 37*q - 11. Let s(v) = v**2 - 12*v + 4. Let o(c) = 2*d(c) + 7*s(c). Suppose -4*t + 195*t = -1910. Calculate o(t).
6
Suppose 14*t - 17*t - 3*n - 9 = 0, -2*n - 6 = -5*t. Let f(y) = -2 + 1 - 2*y - 6. Let i be f(t). Let o(m) = m**3 + 8*m**2 + 7*m + 4. Determine o(i).
4
Let g(y) = 2*y**2 + 13*y - 90. Let n(i) = 2*i**3 - 27*i**2 + 68*i + 164. Let m be n(8). What is g(m)?
-6
Let a be ((-18)/168*-21)/((-15)/(-20)). Let y(k) = k**3 - 9*k**2 + 17*k - 5. What is y(a)?
-8
Let a(t) = 0*t + 0*t**2 - t**2 + t - 2. Let u(q) = -q**2 + 10*q + 9. Let b be u(7). Suppose 13*y = 3*y - b. Determine a(y).
-14
Let k(c) = c. Suppose 5*m + 12*m = -102. Let b(h) = 5*h + 3. Let j(d) = m*k(d) + b(d). Determine j(0).
3
Let v = 3442 - 3434. Let g(a) = a**3 - 8*a**2 + 11*a. Determine g(v).
88
Let u = 10922 - 10947. Let x(z) = z**3 + 25*z**2 - 7*z - 10. Give x(u).
165
Let t(j) = 2*j**3 + 16*j**2 - 2*j - 15. Suppose 74*h + 253 = -15*h - 459. Determine t(h).
1
Let m(s) = -s**3 + 2*s**2 + 8*s + 5. Suppose 32*r + l = 33*r - 3, 2*r = l + 7. Determine m(r).
5
Let p(i) = -599*i - 4190. Let q be p(-7). Let z(w) be the second derivative of 5/12*w**4 + 2*w**2 + 0 - 1/20*w**5 + w**q - 25*w. Determine z(6).
4
Let w(g) = -39 - 31 - 21 + 133 - 33 + 7*g**2 - g. Determine w(3).
69
Let j = 6343/6 - 1057. Let y(t) be the third derivative of -1/3*t**3 + 0 - j*t**4 - 2*t**2 + 0*t. Determine y(-3).
10
Let z(d) = -40*d**2 + 105*d - 201. Let o(x) = -10*x**2 + 26*x - 49. Let p(k) = -25*o(k) + 6*z(k). What is p(1)?
9
Suppose -23 = -2*u - 5*j - 43, 2*u - j = -8. Let o(r) = -2*r**2 - 4*r + 0 + 1 - r - 3. What is o(u)?
-27
Let d(b) = 4*b - 19. Let m(x) = -3*x + 16. Let p(i) = 4*d(i) + 5*m(i). What is p(-1)?
3
Let b(h) be the second derivative of 2*h**2 + 0 + 55*h + 5/6*h**3 - 1/6*h**4. Calculate b(4).
-8
Let c(y) = -41*y - 761. Let n(h) = 12*h + 254. Let r(l) = -3*c(l) - 8*n(l). What is r(-9)?
8
Suppose -4*r - 11*o + 9*o = 12, 18 = r - 3*o. Let b(q) = q**3 - 2*q + 38. Give b(r).
38
Let i(g) = -7*g - 34. Let x(t) = 8*t + 40. Let j(v) = 7*i(v) + 6*x(v). Suppose 14 + 2 = 2*n. What is j(n)?
-6
Let d(t) = 15*t**3 - 12*t**2 + 29*t + 142. Let f(r) = 4*r**3 + r**2 + r + 1. Let k(b) = -d(b) + 4*f(b). Determine k(-17).
-2
Let y(n) = 4*n**2 + 10*n - 134. Let q(r) = -2*r**2 - 5*r + 68. Let c(x) = 7*q(x) + 4*y(x). Calculate c(-7).
3
Suppose -99*d - 864 = -75*d. Let q be (1*10/(-15))/((-8)/d). Let b(f) = -f**2 - 2*f + 2. Give b(q).
-1
Let p(f) = f**3 + 7*f**2 + 11*f + 27. Let n = 1921 + -1927. What is p(n)?
-3
Let h(w) = -w**3 - 5*w**2 + 8*w + 8. Let a be (-1)/(-3) + (-56)/(-3)*1. Let u = a + -25. What is h(u)?
-4
Let w(z) = 29*z + 15*z - 8 - 41*z + 25. Calculate w(10).
47
Let b(t) be the second derivative of t**4/12 - 5*t**3/3 - 5*t**2/2 + 4*t - 20. Determine b(7).
-26
Let o(i) be the first derivative of i**2/2 - 7*i - 11. Suppose 2*n = -5*g + 12, 31*g = 26*g - 4*n + 4. What is o(g)?
-3
Let a(f) = 2*f - 2. Let x(u) = 5*u - 5. Let m(c) = 9*a(c) - 4*x(c). Suppose 63 = -17*g + 182. Suppose 4*l = -2*i - 24, 0 = 5*i + 2*l + 27 - g. Determine m(i).
6
Let r(c) = c**3 + 5*c**2 + 5*c + 1. Let i(q) = 3*q. Let k be i(1). Let l(w) = -13*w + 3. Let p be l(k). Let n = p - -32. What is r(n)?
-3
Let y(n) = 6 - 4*n**3 + 3*n**2 + 2*n**3 + 22*n - 22 - 31*n + 3*n**3. Let j be y(-4). Let u(h) = -4*h + 7. Calculate u(j).
-9
Let d(f) = f**3 + 17*f**2 + 16*f + 13. Suppose -11*l - 143 = -85 + 118. Determine d(l).
13
Let o(v) be the second derivative of -5/3*v**3 + 2 + 32*v + 5/2*v**2 + 5/6*v**4 - 1/20*v**5. Determine o(9).
-4
Let r be 4/98 - (10568/(-392) + 26). Let y(k) be the first derivative of -8*k**3/3 + k**2 - k + 1. Calculate y(r).
-7
Suppose 846 = -264*i - 738. Let c(a) = -a**3 + 4*a - 3. Let x be c(2). Let p be -1*(i/x + 2). Let z(s) = -s**2 - 5*s - 4. Calculate z(p).
0
Let l(f) = 9*f**2 - 23*f - 58. Let c be l(4). Let s(i) = -3*i**2 - 5*i + 1. What is s(c)?
-77
Let j(p) = -